 + 15*v**2/2 - 28*v + 21. Calculate s(8).
28
Let q(x) = -17*x**2 - 7*x - 16. Let h(t) = 37*t**2 + 15*t + 32. Let z(i) = 6*h(i) + 13*q(i). Let w be ((-6)/30)/(-1) - 1/5. What is z(w)?
-16
Let a(z) be the first derivative of 6 + 5/2*z**2 + 1/3*z**3 - 7*z. Let y = -50 + 44. Give a(y).
-1
Let n(t) be the first derivative of 2*t**2 + 4*t - 15739. Let f = 4 - 6. What is n(f)?
-4
Let j = -446 + 451. Suppose -d = -5*d + 3*s - 20, -j*d - 25 = -s. Let p(o) = o + 14. Let i(u) = -1. Let z(y) = 5*i(y) + p(y). Determine z(d).
4
Let v(f) = -580 - 662 - 23*f + 1144 + 40*f. What is v(6)?
4
Let j(d) = 7*d**2 + 318*d - 510*d + 195*d + 3. Calculate j(2).
37
Let o(d) be the second derivative of d**5/20 - 5*d**4/12 + d**3 - 11*d**2/2 - 693*d + 2. Give o(6).
61
Let z(b) = 20*b - 81. Let c(g) = 34*g + 2316. Let p be c(-68). Determine z(p).
-1
Suppose -4*x - 4*i - 32 = 0, 8 = -2*x - 5*i - 11. Let r(f) = -9469 + f - f - 9438 + 18916 + 3*f. Determine r(x).
-12
Let q(o) = -8 + 47*o + 47*o - 97*o. Let k be q(0). Let t(r) = r**2 - 6*r - 2*r**2 + 2 - r. Determine t(k).
-6
Let j be -3 - 0 - (0 + -4). Suppose -20 = -5*u + 2*q, -7*q = -5*q + 10. Let g(n) = 61*n**u + 1 - 119*n**2 - n + 63*n**2. What is g(j)?
5
Let b(n) = 2*n + 15. Let g(q) be the second derivative of -q**5/20 + 11*q**4/12 - q**3/3 + 6*q**2 - 54*q. Let v be g(11). Determine b(v).
-5
Let d be 17 + (-760)/(-140)*7. Let q(s) = 4*s - 220. Determine q(d).
0
Let f(s) = -12 + 2*s - 4 - s. Let v = 47 + 4. Let a = -51 + v. Determine f(a).
-16
Let j(x) be the third derivative of x**6/40 - x**5/3 + 2*x**4/3 - 3*x**3 - 5020*x**2 + 2. Give j(6).
6
Let b be ((-2)/(-1) - -2)*2. Let n(i) = i**3 - 20*i**2 - 17*i - 70. Let h be n(21). Let m(s) = -107*s - h + 108*s + 6 + 6. Give m(b).
6
Suppose 111*t - 32*t = -39 + 276. Let y(q) = 24*q - 77. Determine y(t).
-5
Let q(m) = m**2 - 9*m + 7. Let y be 46/3 + (-10 + 6)/12. Suppose -y*d = -8 - 97. Calculate q(d).
-7
Suppose -2*r + 3 = -l, -3*r + l + 3*l - 3 = 0. Let k(c) = c**2 + 5*c - 23. Let g be k(-8). Let q(d) = 7 + 2 + 3*d - r - g. Calculate q(-4).
-7
Suppose 152*h = 154*h. Let y(s) be the first derivative of s**4/4 + s**3/3 - 11*s + 3. What is y(h)?
-11
Let v = -1247 - -1200. Let n be (1 - (-2 - 39)) + 2. Let y = n + v. Let o(z) = -z**3 - 3*z**2 + 2. What is o(y)?
2
Let p(o) be the second derivative of 2*o**3/3 - 25*o**2 - 12*o + 8. Give p(17).
18
Let a(g) = g**2 - g - 1. Let d(o) = -16*o + 528. Let j be d(33). What is a(j)?
-1
Suppose 3*q = -33 + 15. Let r(s) be the first derivative of -9*s - 4 - 2*s**3 - 1/4*s**4 - 2*s**2. Determine r(q).
15
Suppose 0 = -a - 5*j + 21, 3*a - 2*j + 25 = 3. Let t(z) = -16*z - 66. Calculate t(a).
-2
Suppose -43 = -21*c - 1. Suppose t + 30 = 5*w, 2*w = -c*w - 4*t. Let i(o) = -3*o + 5. Determine i(w).
-10
Let k = 888 + -845. Let t(r) = k*r - 42*r + 149 - 141. Determine t(-7).
1
Let d = 8648 + -8630. Let w(g) = -g**3 + 20*g**2 - 35*g - 25. What is w(d)?
-7
Let r(y) = -19*y + 235. Suppose -4*c = 4*h - 72, -7*c + 2*h + 42 = -3*c. Determine r(c).
-12
Suppose 130 = 3*d - 311. Let q(l) = 71*l - 4 + 70*l - d*l - l**2. Calculate q(-6).
-4
Let i(o) = -8*o**2 + 8*o - 4. Let m(r) = 6*r**2 - 8*r - 2. Let v(p) = 4*p**2 - 5*p - 1. Let l(x) = 3*m(x) - 5*v(x). Let j(f) = -i(f) + 5*l(f). What is j(-2)?
-3
Let y(s) be the second derivative of s**3/2 - s**2/2 - 131*s. Let b(j) = -j**2 - 19*j + 3. Let f(n) = -b(n) - 6*y(n). Determine f(4).
23
Suppose -68 = -5*b + 9*b. Let q(n) = -2*n**3 - 35*n**2 - 15*n + 29. Let w be q(b). Let s(t) = t**3 + 5*t**2 + t + 2. What is s(w)?
-3
Suppose 3*w - 8 = 6*k - 2*k, 0 = -4*w. Let u(v) = 2*v + 31. Let c(b) = 3*b + 24. Let i(o) = -4*c(o) + 3*u(o). What is i(k)?
9
Let g be (2/(-4))/(3/(-24)). Let x(d) = -d**2 - 1 + 251*d - 124*d - 123*d + 2. Determine x(g).
1
Let v(g) = 75 + 67 + 11*g + 86 - 208 + 2*g**2 + 2*g. What is v(-6)?
14
Let h(m) be the third derivative of m**6/120 + 7*m**5/20 + m**4 + 85*m**3/6 + 2*m**2 - 82*m - 4. Give h(-20).
5
Let n = -10 + 12. Suppose n*q - 10 = -0. Let v(a) be the third derivative of -a**5/60 + 5*a**4/24 + a**3/2 + 4*a**2. Calculate v(q).
3
Suppose 2*a = y - 3, -2*a + 2 = -a - 4*y. Let m be a - -3 - 0 - -8. Let o(x) be the first derivative of x**3/3 - 7*x**2/2 - 13*x + 10252. Give o(m).
5
Suppose -12*i + 11*i + 2 = 0. Suppose 2*u - 5*u = i*u. Suppose -6*a + 6 + 24 = u. Let p(t) = -t**2 + 5*t - 3. What is p(a)?
-3
Let a(j) = -3*j**3 + 46*j**2 + 161*j + 4. Let z(u) = 2*u**3 - 33*u**2 - 114*u - 3. Let t(h) = -12*a(h) - 17*z(h). Calculate t(-3).
12
Let x(o) be the second derivative of o**5/5 - o**4/12 - o**3/6 + o**2 + 12*o - 107. Calculate x(1).
4
Let z(s) = -2*s - 2. Let n = 38 - 10. Let m be 8/n - (-40)/7. Let w be ((-4)/8)/(1/m). Calculate z(w).
4
Let p(n) be the third derivative of -1/12*n**5 - 1/6*n**3 + 1/24*n**4 - 26*n**2 + 0 + 2*n + 1/120*n**6. What is p(3)?
-16
Let t(c) = 16454 - 3*c**2 - 16456 - 7*c**3 - 3*c + 3*c**3 - 4*c**3. Give t(-1).
6
Suppose -4*s + 2 = 6. Let i(k) = -3*k - 5. Let f(c) = -5. Let a(w) = s*i(w) + f(w). Calculate a(-3).
-9
Let c(u) = -5*u**2 + u + 2. Let q be ((-1015)/9)/(-1) + 140/630. Suppose -q*p + 12 = -119*p. Give c(p).
-20
Let d be (276/46)/((-3)/(-2)). Let q(k) = k**3 - 7*k**2 - 6*k - 1. Let p(m) = -2*m**3 + 15*m**2 + 12*m + 3. Let a(w) = 4*p(w) + 9*q(w). What is a(d)?
-5
Let u(i) = -2*i**3 - i**2 + 10*i - 15. Let l be u(2). Let c(k) = k**3 + 14*k**2 - 14*k - 16. What is c(l)?
-31
Let w(o) be the second derivative of 0 + o**2 + 1/2*o**3 - 6*o. Let b(j) = -j**2 - 6*j + 6. Let a be b(0). Determine w(a).
20
Let n(v) = -2*v + 7*v + 0*v - 8 - 6*v. Let g(m) = -m**3 + 79*m**2 - 693*m + 205. Let c be g(69). Determine n(c).
-6
Let q(f) = 359*f**3 - 9*f + 15 + 13*f**2 + 362*f**3 + 359*f**3 + 356*f**3 - 1435*f**3. Calculate q(-14).
-55
Let c(i) = i**3 + 5*i**2 - 3 - i - 4 - 2*i. Let x(n) = -2*n**3 + 49*n**2 + 30*n - 130. Let t be x(25). Calculate c(t).
8
Let w(x) = -12*x**3 + 2*x**2 - 4*x - 5. Let c be 43/4 - (-127 + 140) - (-1)/4. What is w(c)?
107
Let n(s) = 9499*s - 4745*s - 4753*s - 24. What is n(30)?
6
Let b(g) = 2*g**2 - 113*g + 20. Let p(u) = u**2 - 53*u + 10. Let y(k) = 6*b(k) - 13*p(k). Calculate y(8).
14
Let z(c) be the first derivative of -c**3/3 - 5*c**2/2 + 6*c - 3609. Calculate z(-5).
6
Let l(z) = -z**2 - 6*z + 6. Suppose 5*o = 10, 5*n + 2*o - 10 = -3*o. Let g be 5/30*0 - (n + 37). Let b be (2/3)/(g/9 + 4). Calculate l(b).
6
Let p(l) = -l - 15. Let a be (819/(-39))/((-1)/(-7)). Let o be (-2)/3*a/(-14). Determine p(o).
-8
Let m(k) = k**3 + 7*k**2 + 5*k - 8. Let o(t) = -t**3 + 7*t**2 - 9*t + 12. Let w be (54/(-21))/(15/(-70)). Suppose c - w = -c. Let y be o(c). Calculate m(y).
-2
Let b(z) = 2*z**2 + z. Suppose 23 - 3 = 4*u. Let m be u*-1*(-84)/(-15). Let i = m + 27. What is b(i)?
1
Suppose 44*h + 97 = -148 + 69. Let q(d) = 17*d + 8. Calculate q(h).
-60
Suppose 4*n - 7*n + 18 = 0. Let g(r) = 7*r - 17. Let d(z) = -20*z + 50. Let b(f) = n*d(f) + 17*g(f). Calculate b(0).
11
Let j(b) = b**2 + 7*b - 6. Suppose -4*g + 8 = -4*d, -g + 4*d - 16 = -3*g. Let t be -2 + -2*(g + -3) + -2. Give j(t).
-12
Let a(r) = -7*r**2 - 2*r - 8. Let z(k) = -8*k**2 - k - 8. Let i(v) = -7*a(v) + 6*z(v). Let p(b) = b**3 + 14*b**2 + 49*b - 2. Let h be p(-6). Calculate i(h).
8
Let q(r) = 20*r**2 - r - 10*r - 36*r**2 + 15*r**2 + 13*r. Determine q(0).
0
Let k(i) = i**3 - 8*i**2 + 5*i + 7. Let f(a) be the second derivative of -a**3/6 + 6*a**2 + 15*a. Let m be f(7). Let p be m*((-8)/5 + -3 + 6). Calculate k(p).
-7
Let p be (2 - 1)*-2 + -1. Let g = 7 - 1. Let u(d) = g*d**2 - 7*d**2 + 5*d**2 - 4 - d**2 + d**3. What is u(p)?
-4
Suppose 36*s - 373 + 157 = 0. Let l(i) = i**3 - 4*i**2 - i - 5. What is l(s)?
61
Let t(h) = h**2 + 7*h. Suppose -1952 - 1928 = 5*z. Let i = -781 - z. Give t(i).
-10
Let a(v) = -2 + 0 + 6 + v - 1. Let r(q) = q + 1. Let m be r(1). Let s be 28*(144/320 - m/10). What is a(s)?
10
Let f(w) = -37*w + 1000. Let s(r) = -34*r + 857. Let l(x) = 6*f(x) - 7*s(x). Let q = -2 + 1. What is l(q)?
-15
Let i(s) be the third derivative of s**4/24 - 29*s**3/6 - 442*s**2. Let f = -52 + 75. What is i(f)?
-6
Let c be -6*(-1)/3*1. Let m(t) = 1 - 4*t - c*t**2 - 5 - t**2. Let o be -43 + 37 + 12/(-16)*(-2 + -2). Calculate m(o).
-19
Let i(c) be the second derivative of 5*c**3/6 - c. Let b = 101786 + -101789. What 